{"id":1293,"date":"2019-10-17T20:26:14","date_gmt":"2019-10-17T18:26:14","guid":{"rendered":"http:\/\/www.viltis.lt\/lt\/_OLD\/?page_id=1293"},"modified":"2019-10-18T06:33:15","modified_gmt":"2019-10-18T04:33:15","slug":"kavos-galia","status":"publish","type":"page","link":"http:\/\/www.viltis.lt\/lt\/_OLD\/http-www-viltis-lt-lt-es-investicijos-popamokinis-uzimtumas\/kavos-galia\/","title":{"rendered":"Kavos galia"},"content":{"rendered":"\n<div class=\"wp-block-image\"><figure class=\"alignright\"><img loading=\"lazy\" width=\"160\" height=\"72\" src=\"http:\/\/www.viltis.lt\/lt\/_OLD\/wp-content\/uploads\/2019\/10\/image-1.png\" alt=\"\" class=\"wp-image-1304\"\/><\/figure><\/div>\n\n\n\n<ul class=\"wp-block-gallery alignleft columns-1 is-cropped\"><li class=\"blocks-gallery-item\"><figure><img loading=\"lazy\" width=\"282\" height=\"154\" src=\"http:\/\/www.viltis.lt\/lt\/_OLD\/wp-content\/uploads\/2019\/10\/image-2.png\" alt=\"\" data-id=\"1305\" class=\"wp-image-1305\"\/><\/figure><\/li><\/ul>\n\n\n\n<p class=\"has-medium-font-size\"><\/p>\n\n\n\n<p style=\"text-align:center\" class=\"has-medium-font-size\"><p style=\"text-align:justify\" class=\"has-medium-font-size\">V\u0161\u012e \u201cInformacijos kaupimo ir sklaidos centras\u201d vykdo socialin\u012f projekt\u0105 &#8211; Sutrikusio intelekto asmen\u0173 prie\u0161darbini\u0173 \u012fg\u016bd\u017ei\u0173 ugdymas savanoriaujant veikloje \u201cKavos galia\u201d<\/p><\/p>\n\n\n\n<p style=\"text-align:center\" class=\"has-medium-font-size\"><p style=\"text-align:justify\" class=\"has-medium-font-size\">Projektas vykdomas pagal 2014-2020 met\u0173 Europos S\u0105jungos fond\u0173 investicij\u0173 veiksm\u0173 programos priemon\u0119 Nr.08.6.1-ESFA-T-927 \u201cSpartesnis vietos pl\u0117tros strategij\u0173 \u012fgyvendinimas\u201d. Projekto Nr.08.6.1-ESFA-T-927-01-0008<\/p><\/p>\n\n\n\n<p style=\"text-align:center\" class=\"has-medium-font-size\"><p style=\"text-align:justify\" class=\"has-medium-font-size\">Projekto tikslas &#8211; didinti sutrikusio intelekto asmen\u0173\nprie\u0161darbinius \u012fg\u016bd\u017eius, organizuojant savanori\u0161k\u0105 j\u0173 veikl\u0105, taip ugdant\nvisuomen\u0117s suvokim\u0105, kad ne\u012fgalus asmuo yra pilnavertis visuomen\u0117s narys.<\/p><\/p>\n\n\n\n<p style=\"text-align:center\" class=\"has-medium-font-size\"><p style=\"text-align:justify\" class=\"has-medium-font-size\">V\u0161\u012e \u201eInformacijos kaupimo ir sklaidos centras\u201c \u0161i\u0173 met\u0173 baland\u017eio m\u0117n. prad\u0117jo nauj\u0105 socialin\u0119 iniciatyv\u0105&nbsp; KAVOS GALIA &#8211; proto negali\u0105 turintys asmenys gamina kav\u0105 \u012fvairiuose renginiuose, \u0161vent\u0117se, susib\u016brimuose. \u012erengto profesionalaus kavos aparato automobilyje d\u0117ka, aptarnaujame visus kavos m\u0117g\u0117jus. &nbsp;Tai ne tik kavos gaminimas, tai &#8211; bendryst\u0117s GALIA, pa\u017eintis su proto negali\u0105 turin\u010diais asmenimis, j\u0173 GALIOMIS.<\/p><\/p>\n\n\n\n<ul class=\"wp-block-gallery columns-3 is-cropped\"><li class=\"blocks-gallery-item\"><figure><img loading=\"lazy\" width=\"1024\" height=\"768\" src=\"http:\/\/www.viltis.lt\/lt\/_OLD\/wp-content\/uploads\/2019\/10\/1-1024x768.jpg\" alt=\"\" data-id=\"1306\" data-link=\"http:\/\/www.viltis.lt\/lt\/_OLD\/es-investicijos\/kavos-galia\/1-5\/\" class=\"wp-image-1306\" srcset=\"http:\/\/www.viltis.lt\/lt\/_OLD\/wp-content\/uploads\/2019\/10\/1.jpg 1024w, http:\/\/www.viltis.lt\/lt\/_OLD\/wp-content\/uploads\/2019\/10\/1-300x225.jpg 300w, http:\/\/www.viltis.lt\/lt\/_OLD\/wp-content\/uploads\/2019\/10\/1-768x576.jpg 768w\" sizes=\"(max-width: 1024px) 100vw, 1024px\" \/><\/figure><\/li><li class=\"blocks-gallery-item\"><figure><img loading=\"lazy\" width=\"1024\" height=\"768\" src=\"http:\/\/www.viltis.lt\/lt\/_OLD\/wp-content\/uploads\/2019\/10\/2-1024x768.jpg\" alt=\"\" data-id=\"1307\" data-link=\"http:\/\/www.viltis.lt\/lt\/_OLD\/es-investicijos\/kavos-galia\/2-4\/\" class=\"wp-image-1307\" srcset=\"http:\/\/www.viltis.lt\/lt\/_OLD\/wp-content\/uploads\/2019\/10\/2.jpg 1024w, http:\/\/www.viltis.lt\/lt\/_OLD\/wp-content\/uploads\/2019\/10\/2-300x225.jpg 300w, http:\/\/www.viltis.lt\/lt\/_OLD\/wp-content\/uploads\/2019\/10\/2-768x576.jpg 768w\" sizes=\"(max-width: 1024px) 100vw, 1024px\" \/><\/figure><\/li><li class=\"blocks-gallery-item\"><figure><img loading=\"lazy\" width=\"1024\" height=\"768\" src=\"http:\/\/www.viltis.lt\/lt\/_OLD\/wp-content\/uploads\/2019\/10\/3-1024x768.jpg\" alt=\"\" data-id=\"1308\" data-link=\"http:\/\/www.viltis.lt\/lt\/_OLD\/es-investicijos\/kavos-galia\/3-4\/\" class=\"wp-image-1308\" srcset=\"http:\/\/www.viltis.lt\/lt\/_OLD\/wp-content\/uploads\/2019\/10\/3.jpg 1024w, http:\/\/www.viltis.lt\/lt\/_OLD\/wp-content\/uploads\/2019\/10\/3-300x225.jpg 300w, http:\/\/www.viltis.lt\/lt\/_OLD\/wp-content\/uploads\/2019\/10\/3-768x576.jpg 768w\" sizes=\"(max-width: 1024px) 100vw, 1024px\" \/><\/figure><\/li><li class=\"blocks-gallery-item\"><figure><img loading=\"lazy\" width=\"1024\" height=\"768\" src=\"http:\/\/www.viltis.lt\/lt\/_OLD\/wp-content\/uploads\/2019\/10\/4-1024x768.jpg\" alt=\"\" data-id=\"1309\" data-link=\"http:\/\/www.viltis.lt\/lt\/_OLD\/es-investicijos\/kavos-galia\/4-2\/\" class=\"wp-image-1309\" srcset=\"http:\/\/www.viltis.lt\/lt\/_OLD\/wp-content\/uploads\/2019\/10\/4.jpg 1024w, http:\/\/www.viltis.lt\/lt\/_OLD\/wp-content\/uploads\/2019\/10\/4-300x225.jpg 300w, http:\/\/www.viltis.lt\/lt\/_OLD\/wp-content\/uploads\/2019\/10\/4-768x576.jpg 768w\" sizes=\"(max-width: 1024px) 100vw, 1024px\" \/><\/figure><\/li><li class=\"blocks-gallery-item\"><figure><img loading=\"lazy\" width=\"768\" height=\"1024\" src=\"http:\/\/www.viltis.lt\/lt\/_OLD\/wp-content\/uploads\/2019\/10\/5-768x1024.jpg\" alt=\"\" data-id=\"1310\" data-link=\"http:\/\/www.viltis.lt\/lt\/_OLD\/es-investicijos\/kavos-galia\/attachment\/5\/\" class=\"wp-image-1310\" srcset=\"http:\/\/www.viltis.lt\/lt\/_OLD\/wp-content\/uploads\/2019\/10\/5-768x1024.jpg 768w, http:\/\/www.viltis.lt\/lt\/_OLD\/wp-content\/uploads\/2019\/10\/5-225x300.jpg 225w, http:\/\/www.viltis.lt\/lt\/_OLD\/wp-content\/uploads\/2019\/10\/5.jpg 1024w\" sizes=\"(max-width: 768px) 100vw, 768px\" \/><\/figure><\/li><li class=\"blocks-gallery-item\"><figure><img loading=\"lazy\" width=\"1024\" height=\"768\" src=\"http:\/\/www.viltis.lt\/lt\/_OLD\/wp-content\/uploads\/2019\/10\/6-1024x768.jpg\" alt=\"\" data-id=\"1311\" data-link=\"http:\/\/www.viltis.lt\/lt\/_OLD\/es-investicijos\/kavos-galia\/attachment\/6\/\" class=\"wp-image-1311\" srcset=\"http:\/\/www.viltis.lt\/lt\/_OLD\/wp-content\/uploads\/2019\/10\/6.jpg 1024w, http:\/\/www.viltis.lt\/lt\/_OLD\/wp-content\/uploads\/2019\/10\/6-300x225.jpg 300w, http:\/\/www.viltis.lt\/lt\/_OLD\/wp-content\/uploads\/2019\/10\/6-768x576.jpg 768w\" sizes=\"(max-width: 1024px) 100vw, 1024px\" \/><\/figure><\/li><\/ul>\n\n\n\n<p style=\"text-align:center\" class=\"has-medium-font-size\"><p style=\"text-align:justify\" class=\"has-medium-font-size\">Projekto veikla finansuojama i\u0161 Europos\nSocialinio fondo bei V\u0161\u012e IKSC biud\u017eeto l\u0117\u0161omis. <\/p><\/p>\n\n\n\n<p>Projekto prad\u017eia:&nbsp; 2019-04-17<\/p>\n\n\n\n<p>Projekto pabaiga: 2020-04-17<\/p>\n","protected":false},"excerpt":{"rendered":"<p>V\u0161\u012e \u201cInformacijos kaupimo ir sklaidos centras\u201d vykdo socialin\u012f projekt\u0105 &#8211; Sutrikusio intelekto asmen\u0173 prie\u0161darbini\u0173 \u012fg\u016bd\u017ei\u0173 ugdymas savanoriaujant veikloje \u201cKavos galia\u201d Projektas vykdomas pagal 2014-2020 met\u0173 Europos S\u0105jungos fond\u0173 investicij\u0173 veiksm\u0173 programos priemon\u0119 Nr.08.6.1-ESFA-T-927 \u201cSpartesnis vietos pl\u0117tros strategij\u0173 \u012fgyvendinimas\u201d. Projekto Nr.08.6.1-ESFA-T-927-01-0008 Projekto tikslas &#8211; didinti sutrikusio intelekto asmen\u0173 prie\u0161darbinius \u012fg\u016bd\u017eius, organizuojant savanori\u0161k\u0105 j\u0173 veikl\u0105, taip ugdant [&hellip;]<\/p>\n","protected":false},"author":2,"featured_media":0,"parent":29,"menu_order":2,"comment_status":"closed","ping_status":"closed","template":"page-full.php","meta":[],"_links":{"self":[{"href":"http:\/\/www.viltis.lt\/lt\/_OLD\/wp-json\/wp\/v2\/pages\/1293"}],"collection":[{"href":"http:\/\/www.viltis.lt\/lt\/_OLD\/wp-json\/wp\/v2\/pages"}],"about":[{"href":"http:\/\/www.viltis.lt\/lt\/_OLD\/wp-json\/wp\/v2\/types\/page"}],"author":[{"embeddable":true,"href":"http:\/\/www.viltis.lt\/lt\/_OLD\/wp-json\/wp\/v2\/users\/2"}],"replies":[{"embeddable":true,"href":"http:\/\/www.viltis.lt\/lt\/_OLD\/wp-json\/wp\/v2\/comments?post=1293"}],"version-history":[{"count":4,"href":"http:\/\/www.viltis.lt\/lt\/_OLD\/wp-json\/wp\/v2\/pages\/1293\/revisions"}],"predecessor-version":[{"id":1318,"href":"http:\/\/www.viltis.lt\/lt\/_OLD\/wp-json\/wp\/v2\/pages\/1293\/revisions\/1318"}],"up":[{"embeddable":true,"href":"http:\/\/www.viltis.lt\/lt\/_OLD\/wp-json\/wp\/v2\/pages\/29"}],"wp:attachment":[{"href":"http:\/\/www.viltis.lt\/lt\/_OLD\/wp-json\/wp\/v2\/media?parent=1293"}],"curies":[{"name":"wp","href":"https:\/\/api.w.org\/{rel}","templated":true}]}}