{"id":1447,"date":"2019-10-29T15:33:53","date_gmt":"2019-10-29T13:33:53","guid":{"rendered":"http:\/\/www.viltis.lt\/lt\/_OLD\/?page_id=1447"},"modified":"2020-10-02T08:57:14","modified_gmt":"2020-10-02T06:57:14","slug":"garbes-nariai","status":"publish","type":"page","link":"http:\/\/www.viltis.lt\/lt\/_OLD\/apie-mus\/garbes-nariai\/","title":{"rendered":"Garb\u0117s nariai"},"content":{"rendered":"\n<p class=\"has-medium-font-size\"><strong>Asociacijos garb\u0117s nariai<\/strong><br><strong>\n<table id=\"tablepress-5\" class=\"tablepress tablepress-id-5\" aria-describedby=\"tablepress-5-description\">\n<thead>\n<tr class=\"row-1 odd\">\n\t<th class=\"column-1\">Nr.<\/th><th class=\"column-2\">Vietov\u0117<\/th><th class=\"column-3\">Vardas, pavard\u0117<\/th>\n<\/tr>\n<\/thead>\n<tbody class=\"row-hover\">\n<tr class=\"row-2 even\">\n\t<td class=\"column-1\">1<\/td><td class=\"column-2\">Jurbarkas<br \/>\n<\/td><td class=\"column-3\">Regina Andriu\u0161kien\u0117<\/td>\n<\/tr>\n<tr class=\"row-3 odd\">\n\t<td class=\"column-1\">2<\/td><td class=\"column-2\">Joni\u0161kis<\/td><td class=\"column-3\">Irenijus Giedraitis<\/td>\n<\/tr>\n<tr class=\"row-4 even\">\n\t<td class=\"column-1\">3<\/td><td class=\"column-2\">Lazdijai<\/td><td class=\"column-3\">Vytautas Stacevi\u010dius<\/td>\n<\/tr>\n<tr class=\"row-5 odd\">\n\t<td class=\"column-1\">4<\/td><td class=\"column-2\">Tel\u0161iai<\/td><td class=\"column-3\">Stas\u0117 Giedrien\u0117<\/td>\n<\/tr>\n<tr class=\"row-6 even\">\n\t<td class=\"column-1\">5<\/td><td class=\"column-2\">Vilnius<\/td><td class=\"column-3\">Birut\u0117 \u0160apolien\u0117<\/td>\n<\/tr>\n<tr class=\"row-7 odd\">\n\t<td class=\"column-1\">6<\/td><td class=\"column-2\">Vilnius<\/td><td class=\"column-3\">Dainius P\u016bras<\/td>\n<\/tr>\n<tr class=\"row-8 even\">\n\t<td class=\"column-1\">7<\/td><td class=\"column-2\">Vilnius<\/td><td class=\"column-3\">Augien\u0117 Vil\u016bnien\u0117<\/td>\n<\/tr>\n<tr class=\"row-9 odd\">\n\t<td class=\"column-1\">8<\/td><td class=\"column-2\">JAV<\/td><td class=\"column-3\">Ilona Laucius<\/td>\n<\/tr>\n<tr class=\"row-10 even\">\n\t<td class=\"column-1\">9<\/td><td class=\"column-2\">JAV<\/td><td class=\"column-3\">Vitas Underys<\/td>\n<\/tr>\n<\/tbody>\n<\/table>\n<span id=\"tablepress-5-description\" class=\"tablepress-table-description tablepress-table-description-id-5\">Atnaujinta 2019-10-29<\/span>\n<!-- #tablepress-5 from cache --><\/strong><\/p>\n","protected":false},"excerpt":{"rendered":"<p>Asociacijos garb\u0117s nariai<\/p>\n","protected":false},"author":2,"featured_media":0,"parent":10,"menu_order":0,"comment_status":"closed","ping_status":"closed","template":"page-full.php","meta":[],"_links":{"self":[{"href":"http:\/\/www.viltis.lt\/lt\/_OLD\/wp-json\/wp\/v2\/pages\/1447"}],"collection":[{"href":"http:\/\/www.viltis.lt\/lt\/_OLD\/wp-json\/wp\/v2\/pages"}],"about":[{"href":"http:\/\/www.viltis.lt\/lt\/_OLD\/wp-json\/wp\/v2\/types\/page"}],"author":[{"embeddable":true,"href":"http:\/\/www.viltis.lt\/lt\/_OLD\/wp-json\/wp\/v2\/users\/2"}],"replies":[{"embeddable":true,"href":"http:\/\/www.viltis.lt\/lt\/_OLD\/wp-json\/wp\/v2\/comments?post=1447"}],"version-history":[{"count":2,"href":"http:\/\/www.viltis.lt\/lt\/_OLD\/wp-json\/wp\/v2\/pages\/1447\/revisions"}],"predecessor-version":[{"id":1453,"href":"http:\/\/www.viltis.lt\/lt\/_OLD\/wp-json\/wp\/v2\/pages\/1447\/revisions\/1453"}],"up":[{"embeddable":true,"href":"http:\/\/www.viltis.lt\/lt\/_OLD\/wp-json\/wp\/v2\/pages\/10"}],"wp:attachment":[{"href":"http:\/\/www.viltis.lt\/lt\/_OLD\/wp-json\/wp\/v2\/media?parent=1447"}],"curies":[{"name":"wp","href":"https:\/\/api.w.org\/{rel}","templated":true}]}}