{"id":1469,"date":"2019-12-16T09:02:26","date_gmt":"2019-12-16T07:02:26","guid":{"rendered":"http:\/\/www.viltis.lt\/lt\/_OLD\/?page_id=1469"},"modified":"2020-10-02T09:07:30","modified_gmt":"2020-10-02T07:07:30","slug":"asociacijos-taryba","status":"publish","type":"page","link":"http:\/\/www.viltis.lt\/lt\/_OLD\/apie-mus\/asociacijos-taryba\/","title":{"rendered":"Asociacijos taryba"},"content":{"rendered":"\n<table id=\"tablepress-6\" class=\"tablepress tablepress-id-6\" aria-describedby=\"tablepress-6-description\">\n<thead>\n<tr class=\"row-1 odd\">\n\t<th class=\"column-1\">Vardas, pavard\u0117<\/th>\n<\/tr>\n<\/thead>\n<tbody class=\"row-hover\">\n<tr class=\"row-2 even\">\n\t<td class=\"column-1\">Dana Migaliova<\/td>\n<\/tr>\n<tr class=\"row-3 odd\">\n\t<td class=\"column-1\">Egl\u0117 Paulauskien\u0117<\/td>\n<\/tr>\n<tr class=\"row-4 even\">\n\t<td class=\"column-1\">Ramun\u0117 Lebedyt\u0117 Undz\u0117nien\u0117<\/td>\n<\/tr>\n<tr class=\"row-5 odd\">\n\t<td class=\"column-1\">Art\u016bras Melianas<\/td>\n<\/tr>\n<tr class=\"row-6 even\">\n\t<td class=\"column-1\">Jurat\u0117 Matulaitien\u0117<\/td>\n<\/tr>\n<tr class=\"row-7 odd\">\n\t<td class=\"column-1\">Egl\u0117 \u0160umskien\u0117<\/td>\n<\/tr>\n<tr class=\"row-8 even\">\n\t<td class=\"column-1\">Birut\u0117 Viskontien\u0117<\/td>\n<\/tr>\n<tr class=\"row-9 odd\">\n\t<td class=\"column-1\">Marius Drukteinis<\/td>\n<\/tr>\n<tr class=\"row-10 even\">\n\t<td class=\"column-1\">Laima Mikul\u0117nait\u0117<\/td>\n<\/tr>\n<tr class=\"row-11 odd\">\n\t<td class=\"column-1\">Roma D\u0117dynien\u0117<\/td>\n<\/tr>\n<tr class=\"row-12 even\">\n\t<td class=\"column-1\">Virginijus Molis<\/td>\n<\/tr>\n<\/tbody>\n<\/table>\n<span id=\"tablepress-6-description\" class=\"tablepress-table-description tablepress-table-description-id-6\">Asociacijos taryba i\u0161rinkta 2019 m. lapkri\u010dio 22 d. visuotinio nari\u0173 susirinkimo metu.<\/span>\n<!-- #tablepress-6 from cache -->\n\n\n\n<p><\/p>\n","protected":false},"excerpt":{"rendered":"","protected":false},"author":2,"featured_media":0,"parent":10,"menu_order":0,"comment_status":"closed","ping_status":"closed","template":"","meta":[],"_links":{"self":[{"href":"http:\/\/www.viltis.lt\/lt\/_OLD\/wp-json\/wp\/v2\/pages\/1469"}],"collection":[{"href":"http:\/\/www.viltis.lt\/lt\/_OLD\/wp-json\/wp\/v2\/pages"}],"about":[{"href":"http:\/\/www.viltis.lt\/lt\/_OLD\/wp-json\/wp\/v2\/types\/page"}],"author":[{"embeddable":true,"href":"http:\/\/www.viltis.lt\/lt\/_OLD\/wp-json\/wp\/v2\/users\/2"}],"replies":[{"embeddable":true,"href":"http:\/\/www.viltis.lt\/lt\/_OLD\/wp-json\/wp\/v2\/comments?post=1469"}],"version-history":[{"count":2,"href":"http:\/\/www.viltis.lt\/lt\/_OLD\/wp-json\/wp\/v2\/pages\/1469\/revisions"}],"predecessor-version":[{"id":1475,"href":"http:\/\/www.viltis.lt\/lt\/_OLD\/wp-json\/wp\/v2\/pages\/1469\/revisions\/1475"}],"up":[{"embeddable":true,"href":"http:\/\/www.viltis.lt\/lt\/_OLD\/wp-json\/wp\/v2\/pages\/10"}],"wp:attachment":[{"href":"http:\/\/www.viltis.lt\/lt\/_OLD\/wp-json\/wp\/v2\/media?parent=1469"}],"curies":[{"name":"wp","href":"https:\/\/api.w.org\/{rel}","templated":true}]}}