{"id":2479,"date":"2022-01-17T08:01:06","date_gmt":"2022-01-17T06:01:06","guid":{"rendered":"http:\/\/www.viltis.lt\/lt\/_OLD\/?page_id=2479"},"modified":"2022-01-17T08:09:54","modified_gmt":"2022-01-17T06:09:54","slug":"finansines-veiklos-ataskaitos","status":"publish","type":"page","link":"http:\/\/www.viltis.lt\/lt\/_OLD\/finansines-veiklos-ataskaitos\/","title":{"rendered":"Finansin\u0117s veiklos ataskaitos"},"content":{"rendered":"\n<div class=\"wp-block-media-text alignwide is-stacked-on-mobile\" style=\"grid-template-columns:40% auto\"><figure class=\"wp-block-media-text__media\"><a href=\"https:\/\/docs.google.com\/document\/d\/1ZgEYWg6cqcKUIZ8tHhQaZS5MrOcZpj7P\/edit?usp=sharing&amp;ouid=114368900134751727737&amp;rtpof=true&amp;sd=true\" target=\"_blank\" rel=\"noopener\"><img loading=\"lazy\" width=\"640\" height=\"423\" src=\"http:\/\/www.viltis.lt\/lt\/_OLD\/wp-content\/uploads\/2022\/01\/2020.jpg\" alt=\"\" class=\"wp-image-2484 size-full\" srcset=\"http:\/\/www.viltis.lt\/lt\/_OLD\/wp-content\/uploads\/2022\/01\/2020.jpg 640w, http:\/\/www.viltis.lt\/lt\/_OLD\/wp-content\/uploads\/2022\/01\/2020-300x198.jpg 300w, http:\/\/www.viltis.lt\/lt\/_OLD\/wp-content\/uploads\/2022\/01\/2020-207x136.jpg 207w, http:\/\/www.viltis.lt\/lt\/_OLD\/wp-content\/uploads\/2022\/01\/2020-140x94.jpg 140w, http:\/\/www.viltis.lt\/lt\/_OLD\/wp-content\/uploads\/2022\/01\/2020-430x283.jpg 430w\" sizes=\"(max-width: 640px) 100vw, 640px\" \/><\/a><\/figure><div class=\"wp-block-media-text__content\">\n<p class=\"has-text-align-center has-medium-font-size\"><strong><a href=\"https:\/\/docs.google.com\/document\/d\/1ZgEYWg6cqcKUIZ8tHhQaZS5MrOcZpj7P\/edit?usp=sharing&amp;ouid=114368900134751727737&amp;rtpof=true&amp;sd=true\" data-type=\"URL\" target=\"_blank\" rel=\"noreferrer noopener\">FINANSIN\u0116S VEIKLOS PATIKRINIMO AKTAS U\u017d 2020 m<\/a><\/strong>.<\/p>\n<\/div><\/div>\n\n\n\n<p><\/p>\n\n\n\n<div class=\"wp-block-media-text alignwide is-stacked-on-mobile\" style=\"grid-template-columns:40% auto\"><figure class=\"wp-block-media-text__media\"><a href=\"https:\/\/docs.google.com\/document\/d\/1bDwy8vzlRDJi3KDcWOy4KJ8Q1GJt59om\/edit?usp=sharing&amp;ouid=114368900134751727737&amp;rtpof=true&amp;sd=true\" target=\"_blank\" rel=\"noopener\"><img loading=\"lazy\" width=\"640\" height=\"426\" src=\"http:\/\/www.viltis.lt\/lt\/_OLD\/wp-content\/uploads\/2022\/01\/2019.jpg\" alt=\"\" class=\"wp-image-2485 size-full\" srcset=\"http:\/\/www.viltis.lt\/lt\/_OLD\/wp-content\/uploads\/2022\/01\/2019.jpg 640w, http:\/\/www.viltis.lt\/lt\/_OLD\/wp-content\/uploads\/2022\/01\/2019-300x200.jpg 300w, http:\/\/www.viltis.lt\/lt\/_OLD\/wp-content\/uploads\/2022\/01\/2019-140x94.jpg 140w\" sizes=\"(max-width: 640px) 100vw, 640px\" \/><\/a><\/figure><div class=\"wp-block-media-text__content\">\n<p class=\"has-text-align-center has-medium-font-size\"><strong><a href=\"https:\/\/docs.google.com\/document\/d\/1bDwy8vzlRDJi3KDcWOy4KJ8Q1GJt59om\/edit?usp=sharing&amp;ouid=114368900134751727737&amp;rtpof=true&amp;sd=true\" data-type=\"URL\" target=\"_blank\" rel=\"noreferrer noopener\">FINANSIN\u0116S VEIKLOS PATIKRINIMO AKTAS U\u017d 2019 m<\/a><\/strong>.<\/p>\n<\/div><\/div>\n\n\n\n<p><\/p>\n\n\n\n<div class=\"wp-block-media-text alignwide is-stacked-on-mobile\" style=\"grid-template-columns:40% auto\"><figure class=\"wp-block-media-text__media\"><a href=\"https:\/\/docs.google.com\/document\/d\/1QFCxx4FYLg-DzAvKEq7OgczXPxKsTynL\/edit?usp=sharing&amp;ouid=114368900134751727737&amp;rtpof=true&amp;sd=true\" target=\"_blank\" rel=\"noopener\"><img loading=\"lazy\" width=\"640\" height=\"437\" src=\"http:\/\/www.viltis.lt\/lt\/_OLD\/wp-content\/uploads\/2022\/01\/2018.jpg\" alt=\"\" class=\"wp-image-2488 size-full\" srcset=\"http:\/\/www.viltis.lt\/lt\/_OLD\/wp-content\/uploads\/2022\/01\/2018.jpg 640w, http:\/\/www.viltis.lt\/lt\/_OLD\/wp-content\/uploads\/2022\/01\/2018-300x205.jpg 300w\" sizes=\"(max-width: 640px) 100vw, 640px\" \/><\/a><\/figure><div class=\"wp-block-media-text__content\">\n<p class=\"has-text-align-center has-medium-font-size\"><strong><a href=\"https:\/\/docs.google.com\/document\/d\/1QFCxx4FYLg-DzAvKEq7OgczXPxKsTynL\/edit?usp=sharing&amp;ouid=114368900134751727737&amp;rtpof=true&amp;sd=true\" data-type=\"URL\" target=\"_blank\" rel=\"noreferrer noopener\">FINANSIN\u0116S VEIKLOS PATIKRINIMO AKTAS U\u017d 2018 m<\/a><\/strong>.<\/p>\n<\/div><\/div>\n\n\n\n<p><\/p>\n","protected":false},"excerpt":{"rendered":"<p>FINANSIN\u0116S VEIKLOS PATIKRINIMO AKTAS U\u017d 2020 m. FINANSIN\u0116S VEIKLOS PATIKRINIMO AKTAS U\u017d 2019 m. FINANSIN\u0116S VEIKLOS PATIKRINIMO AKTAS U\u017d 2018 m.<\/p>\n","protected":false},"author":2,"featured_media":0,"parent":0,"menu_order":0,"comment_status":"closed","ping_status":"closed","template":"","meta":[],"_links":{"self":[{"href":"http:\/\/www.viltis.lt\/lt\/_OLD\/wp-json\/wp\/v2\/pages\/2479"}],"collection":[{"href":"http:\/\/www.viltis.lt\/lt\/_OLD\/wp-json\/wp\/v2\/pages"}],"about":[{"href":"http:\/\/www.viltis.lt\/lt\/_OLD\/wp-json\/wp\/v2\/types\/page"}],"author":[{"embeddable":true,"href":"http:\/\/www.viltis.lt\/lt\/_OLD\/wp-json\/wp\/v2\/users\/2"}],"replies":[{"embeddable":true,"href":"http:\/\/www.viltis.lt\/lt\/_OLD\/wp-json\/wp\/v2\/comments?post=2479"}],"version-history":[{"count":4,"href":"http:\/\/www.viltis.lt\/lt\/_OLD\/wp-json\/wp\/v2\/pages\/2479\/revisions"}],"predecessor-version":[{"id":2490,"href":"http:\/\/www.viltis.lt\/lt\/_OLD\/wp-json\/wp\/v2\/pages\/2479\/revisions\/2490"}],"wp:attachment":[{"href":"http:\/\/www.viltis.lt\/lt\/_OLD\/wp-json\/wp\/v2\/media?parent=2479"}],"curies":[{"name":"wp","href":"https:\/\/api.w.org\/{rel}","templated":true}]}}